 of n?
9
Suppose 4*x - 28 = -4*d, -4*x + 5*d = -0*d + 8. Let j be (-3 + x)/(-3 + 2). Suppose 2*v - 3*c - 218 = j, 4 - 10 = 3*c. What is the hundreds digit of v?
1
Let u be 12 - 2 - (1 + -3)/(-1). Let g(b) = b**2 + 12*b + 48. Let m(n) = n**2 + 8*n + 32. Let l(k) = u*m(k) - 5*g(k). What is the hundreds digit of l(-8)?
1
Suppose 5*n + 4*o = 23 + 30, -o - 55 = -4*n. Suppose 6615 = n*q + 8*q. What is the hundreds digit of q?
3
Let b(l) = -194*l + 63. What is the thousands digit of b(-11)?
2
Let b(d) = d**2 - 21*d + 74. Let q be b(17). What is the hundreds digit of (-1645)/(-7) + -1*q?
2
Let h(o) = -o**3 + o**2 + 7*o + 1219. Suppose -4*m - 3*p = -4*p + 2, -2 = -3*m - p. What is the thousands digit of h(m)?
1
Let c(l) = -l - 8. Let u be c(-5). Suppose -2*a - 245 + 321 = 0. What is the hundreds digit of a/u*1/(7/(-168))?
3
Suppose -5*z - 2 + 22 = 0. Suppose 4*a + z*g - 20 = 0, -4*g = -2*a + 7 + 21. Suppose -2*k - 312 = -a*k. What is the tens digit of k?
5
Let r = -6320 + 14361. What is the thousands digit of r?
8
Let d(i) = -6460*i + 6510. What is the thousands digit of d(-5)?
8
Suppose 4*j + 14*j = -7920. Let u = j + 469. What is the units digit of u?
9
Suppose k = 4*k - 5*m - 4922, -2*k - 3*m = -3275. Let x = k + -1059. What is the units digit of x?
0
Let m = 3327 - -1399. What is the units digit of m?
6
Let p = 517 - 293. Let y = p - 109. What is the units digit of y?
5
Suppose -5*r - 10 = -w, r + 4 = -w + 2. Suppose w = 22*g - 11*g - 1870. What is the hundreds digit of g?
1
Let r(o) = -85*o**2 - o + 1. Let c be (2/6)/((-8)/3 - -3). Let b be r(c). Let u = b - -130. What is the units digit of u?
5
Let o be (-5)/(-10)*32 - (1 - -3). Let h be (-11)/(-6) + 2/o. Suppose h*t - 4*d = -0*d + 334, -5*t + 790 = -d. What is the tens digit of t?
5
Let z(t) = -50*t**3 - 7*t**2 - 62*t - 494. What is the tens digit of z(-8)?
5
Suppose 0*s - 5*s + 3*l + 381 = 0, 4*s = 4*l + 308. Suppose 384 = 3*p - s. Let f = -59 + p. What is the tens digit of f?
9
Let g = 34300 - -16378. What is the units digit of g?
8
Let u be (9 - 7 - -126)/(3/6). Suppose 0 = -f - 2*w + 112, -2*f + w + u = -3*w. What is the units digit of f?
0
Suppose -3*z - z - 35 = -5*o, -4*o + 37 = -5*z. Suppose -o*m = 134 + 103. Let t = -17 - m. What is the units digit of t?
2
Suppose 0 = -o - 19 + 39. Suppose -o = 11*a - 16*a. What is the tens digit of a + -7*(-8)/1?
6
Let f(q) = q**2 + 5*q + 14. Suppose -5*r - 5*t - 5 = 0, -2*r + t - 24 = -7. What is the tens digit of f(r)?
2
Suppose -r = -d + 3803 - 859, -2*d + 5894 = -5*r. What is the hundreds digit of d?
9
Let g = -264 - -264. Let y(h) = 56*h**2 + 2*h - 3. Let l be y(3). Suppose g = 8*v + l - 1651. What is the hundreds digit of v?
1
Let l = 54 - 50. Suppose 0 = 5*b - 9*n + 6*n - 4393, -l*n = -b + 865. What is the units digit of b?
1
Suppose -97*k = -436772 - 56376. What is the hundreds digit of k?
0
Let x = -16 + 16. Suppose -4*r + 0*m + 1274 = -2*m, x = 3*r + 2*m - 959. Suppose 0 = 4*d + 7*d - r. What is the units digit of d?
9
Let t(k) = 7*k + 8. Let h be t(-3). Let u = h + 18. Suppose 3*z + b = 247, 5*b - 169 = -u*z + 3*z. What is the tens digit of z?
8
What is the tens digit of (((-40109)/133)/((-3)/21))/1?
1
Let j be (2 - 108/14) + 8/(-28). Let d be ((-8)/10)/(1/95). What is the units digit of (15/j)/(-2 + d/(-40))?
5
Let g(v) = 17*v - 6 - 10*v - 38*v. What is the tens digit of g(-2)?
5
Suppose 12*t + 3267 = 3*u + 9*t, 5*t - 2185 = -2*u. Suppose a + 320 - u = 0. What is the tens digit of a?
7
Let y = -15136 - -39684. What is the ten thousands digit of y?
2
Suppose 279*q = 286*q + 56. Let h(a) = 16*a**2 + 32*a + 47. What is the tens digit of h(q)?
1
What is the hundreds digit of (-34117)/((-1)/(-5) - 56*(-5)/(-400))?
2
Let m = 375 + -191. Let r = 347 - m. Suppose -3*g - 256 = -4*v, 3*v + 3*g - r = 50. What is the units digit of v?
7
Let n(a) = -2*a - 3. Let f(x) = -x. Let b(r) = 4*f(r) - n(r). Let q(j) = -8*j**2 - 15*j - 7. Let w be q(-2). What is the units digit of b(w)?
1
Let l(a) = -2*a - 28. Suppose 0 = b + 4*b + 80. Let s be l(b). Suppose 2*w = 3*y - 82, s*y - 100 = -5*w + 17. What is the tens digit of y?
2
Let a(d) = 77*d - 127. Let z be a(20). Let p = z - 530. What is the hundreds digit of p?
8
Suppose j - o + 39 = 2*o, -j - 4*o = 18. Let z = 44 + j. Suppose 11*c + 216 = z*c. What is the units digit of c?
2
Let a(z) = 894*z**2 - 4*z + 3. Let n = 145 + -144. What is the units digit of a(n)?
3
What is the tens digit of (-1441150)/(-111) + 56/21?
8
Suppose -29*x + 1024 = -33*x. Let o = 543 + x. What is the units digit of o?
7
Suppose -56527 = -8*u + 96345. What is the units digit of u?
9
Let y = -5226 - -10758. What is the tens digit of y?
3
Let k(i) be the second derivative of 29*i**4/3 + i**3/6 - i**2 + 15*i. What is the tens digit of k(-2)?
6
Suppose -l + 259 = o, -o + 1048 = 4*l - 0*l. Suppose l = -2*b + 803. What is the units digit of b?
0
Let a = 35746 + -3073. What is the ten thousands digit of a?
3
Let y be (6/(-4))/((-27)/(-918)). Let n be (-36)/(-6)*10/(-6). Let m = n - y. What is the tens digit of m?
4
Suppose 0 = 16*u - 9*u + 14. Let p be (-22)/(u + 3) + -2 - -3. Let v(y) = y + 42. What is the tens digit of v(p)?
2
Let a(d) = d**3 + 12*d**2 - 44*d + 17. Let f be a(-15). Let l(c) = 2*c - 64. Let k(h) = 2*h - 65. Let t(j) = f*k(j) - 3*l(j). What is the units digit of t(-26)?
4
What is the tens digit of (-15)/(-30)*10 - -67967?
7
Let g be -484 + 5 + 2 + 4. Let n = 404 - g. What is the tens digit of n?
7
Suppose 9*m = 21*m - 324. What is the hundreds digit of ((-24)/m)/4 - 19484/(-36)?
5
Suppose -4*v - 6 = -u, 3*v - 48 = u - 4*u. Suppose u*n - 3542 = -518. What is the units digit of n?
6
Let c(p) = 36790*p - 283. What is the hundreds digit of c(1)?
5
Let l be (-180)/3 + (0 - (-4 - -7)). Let z = -35 - l. Suppose x - z = 32. What is the tens digit of x?
6
Suppose 4*z = 5*y - 15, -6*y + 3*z + 6 = -4*y. Suppose b + 51 = 3*a, -2*b + 0*b = 5*a - 74. Let c = y + a. What is the units digit of c?
9
Let a = 187 + -185. Let j(k) = 171*k**2 + 2*k - 7. What is the tens digit of j(a)?
8
Let h(g) = 16*g + 7. Let k be h(0). Suppose 2*q = -4*d + 826, k + 609 = 3*d + 5*q. What is the hundreds digit of d?
2
Suppose -2*l + 453 - 21 = 0. Suppose r + 28 - l = 0. What is the tens digit of r?
8
Let w be 1586/9 + (-2)/9. Let b = 296 - w. What is the units digit of b?
0
Suppose -166341 - 131554 = -45*h - 20*h. What is the thousands digit of h?
4
Let q = -7088 + 11084. What is the units digit of q?
6
Let p(l) = -491*l**3 - 5*l**2 - 5*l + 3. What is the units digit of p(-3)?
0
Suppose -220246 = -41*d + 234112 + 192212. What is the thousands digit of d?
5
Let a(q) = q**2 - 22*q - 37. Let y be a(30). What is the units digit of (y/3)/(12/9 - 1)?
3
Suppose 50 = 3*n + 41. What is the tens digit of 5*n/10*(57 - -1)?
8
Suppose -4 = 3*l - 5*l, 3*l + 106 = 4*p. Let j = p + -32. Let a = j + 32. What is the tens digit of a?
2
Suppose -5*o + 6*o - 251502 = -5*j, -50294 = -j - o. What is the hundreds digit of j?
3
Let i be (-1*1)/((-11)/(-429)). Let m = i + 39. Suppose m = -6*a + 104 + 196. What is the units digit of a?
0
Let m be (-3)/(3/(-20)) - 1. Suppose 0 = m*i - 15*i - 20. Suppose 7*l - 18 = i*l. What is the units digit of l?
9
Let j = -30 - -37. Suppose -132 = -j*h + 13*h. Let g = 41 - h. What is the units digit of g?
3
Let t(l) = 9*l + 33. Let b be t(0). Suppose -b*h + 34*h - 189 = 0. What is the units digit of h?
9
Suppose -7365 = -7*d + 2*d. Suppose -1017 = -10*f + d. What is the hundreds digit of f?
2
Let d(a) = a**2 + 15*a + 29. Let p be d(-13). Suppose -y = p*k + 2685 + 254, -1 = -y. What is the units digit of (k/(-6))/((-8)/(-12))?
5
Suppose 2*c + 4*z - 1 = -5, -3*c = -z - 15. Suppose k = -3*g + 215, -k - c*k = -4*g + 274. Let n = g - 36. What is the tens digit of n?
3
Suppose 0 = -44*f - 9*f + 11*f + 554904. What is the ten thousands digit of f?
1
Let a = 23381 - 16697. What is the thousands digit of a?
6
Suppose -l - 5*t = -94 - 34, -4*t = 4*l - 448. What is the units digit of (180/l)/(1/87)?
5
Let w(q) = -2*q**3 - 18*q**2 - 10*q + 7. Let z be 97/(-11) + 7/((-154)/4). What is the tens digit of w(z)?
9
Suppose 0 = -y - 23. Suppose -116*p + 133*p = 153. Let z = p - y. What is the tens digit of z?
3
Let q be 4/(-14) - 814/(-154). Suppose n + 111 = c + 6*n, 5*